{"id":35202,"date":"2026-04-15T20:24:27","date_gmt":"2026-04-15T20:24:27","guid":{"rendered":"https:\/\/www.egirassol.com.br\/home\/?page_id=35202"},"modified":"2026-04-15T20:40:35","modified_gmt":"2026-04-15T20:40:35","slug":"quem-somos-2","status":"publish","type":"page","link":"https:\/\/www.egirassol.com.br\/home\/quem-somos-2\/","title":{"rendered":"Quem Somos"},"content":{"rendered":"\n<h3 class=\"wp-block-heading has-text-align-center\"><img loading=\"lazy\" decoding=\"async\" src=\"https:\/\/www.egirassol.com.br\/home\/wp-content\/uploads\/2024\/09\/LOGO-ESCOLA-GIRASSOL.jpg\" alt=\"\" width=\"491\" height=\"235\"><\/h3>\n\n\n\n<p><\/p>\n\n\n<div class=\"wp-block-image\">\n<figure class=\"aligncenter size-large is-resized\"><a href=\"https:\/\/www.egirassol.com.br\/home\/wp-content\/uploads\/2026\/04\/GIRASSOL-SEM-FUNDO.png\"><img loading=\"lazy\" decoding=\"async\" width=\"1013\" height=\"1024\" src=\"https:\/\/www.egirassol.com.br\/home\/wp-content\/uploads\/2026\/04\/GIRASSOL-SEM-FUNDO-1013x1024.png\" alt=\"\" class=\"wp-image-35204\" style=\"aspect-ratio:0.9892718473400438;width:80px;height:auto\" srcset=\"https:\/\/www.egirassol.com.br\/home\/wp-content\/uploads\/2026\/04\/GIRASSOL-SEM-FUNDO-1013x1024.png 1013w, https:\/\/www.egirassol.com.br\/home\/wp-content\/uploads\/2026\/04\/GIRASSOL-SEM-FUNDO-297x300.png 297w, https:\/\/www.egirassol.com.br\/home\/wp-content\/uploads\/2026\/04\/GIRASSOL-SEM-FUNDO-768x776.png 768w, https:\/\/www.egirassol.com.br\/home\/wp-content\/uploads\/2026\/04\/GIRASSOL-SEM-FUNDO-1519x1536.png 1519w, https:\/\/www.egirassol.com.br\/home\/wp-content\/uploads\/2026\/04\/GIRASSOL-SEM-FUNDO.png 1559w\" sizes=\"auto, (max-width: 1013px) 100vw, 1013px\" \/><\/a><\/figure>\n<\/div>\n\n\n<h3 class=\"wp-block-heading has-text-align-center has-vivid-cyan-blue-color has-text-color has-link-color wp-elements-8133ec97ca29543cb5488f5fed889f0a\"><strong>VIS\u00c3O<\/strong><\/h3>\n\n\n\n<p>Ser uma institui\u00e7\u00e3o reconhecida como refer\u00eancia por formar cidad\u00e3os de s\u00f3lida base acad\u00eamica, com vistas ao sucesso universit\u00e1rio, somada, indissociavelmente, \u00e0 atitude human\u00edstica, cr\u00edtica, \u00e9tica e pol\u00edtica para atender as exig\u00eancias da sociedade em constantes mudan\u00e7as.<\/p>\n\n\n<div class=\"wp-block-image\">\n<figure class=\"aligncenter size-large is-resized\"><a href=\"https:\/\/www.egirassol.com.br\/home\/wp-content\/uploads\/2026\/04\/GIRASSOL-SEM-FUNDO.png\"><img loading=\"lazy\" decoding=\"async\" width=\"1013\" height=\"1024\" src=\"https:\/\/www.egirassol.com.br\/home\/wp-content\/uploads\/2026\/04\/GIRASSOL-SEM-FUNDO-1013x1024.png\" alt=\"\" class=\"wp-image-35204\" style=\"aspect-ratio:0.9892718473400438;width:80px;height:auto\" srcset=\"https:\/\/www.egirassol.com.br\/home\/wp-content\/uploads\/2026\/04\/GIRASSOL-SEM-FUNDO-1013x1024.png 1013w, https:\/\/www.egirassol.com.br\/home\/wp-content\/uploads\/2026\/04\/GIRASSOL-SEM-FUNDO-297x300.png 297w, https:\/\/www.egirassol.com.br\/home\/wp-content\/uploads\/2026\/04\/GIRASSOL-SEM-FUNDO-768x776.png 768w, https:\/\/www.egirassol.com.br\/home\/wp-content\/uploads\/2026\/04\/GIRASSOL-SEM-FUNDO-1519x1536.png 1519w, https:\/\/www.egirassol.com.br\/home\/wp-content\/uploads\/2026\/04\/GIRASSOL-SEM-FUNDO.png 1559w\" sizes=\"auto, (max-width: 1013px) 100vw, 1013px\" \/><\/a><\/figure>\n<\/div>\n\n\n<h3 class=\"wp-block-heading has-text-align-center has-vivid-cyan-blue-color has-text-color has-link-color wp-elements-f03cc9b22dfa034cbe827c387f352731\"><strong>MISS\u00c3O<\/strong><\/h3>\n\n\n\n<p>Com disciplina, organiza\u00e7\u00e3o e responsabilidade, proporcionar ao educando a forma\u00e7\u00e3o necess\u00e1ria ao desenvolvimento das suas potencialidades como elemento de autorrealiza\u00e7\u00e3o para o exerc\u00edcio consciente da cidadania, atrav\u00e9s de pr\u00e1ticas pedag\u00f3gicas desafiadoras, do est\u00edmulo \u00e0 participa\u00e7\u00e3o ativa da fam\u00edlia e da busca cont\u00ednua pela qualidade de ensino.<\/p>\n\n\n<div class=\"wp-block-image\">\n<figure class=\"aligncenter size-large is-resized\"><a href=\"https:\/\/www.egirassol.com.br\/home\/wp-content\/uploads\/2026\/04\/GIRASSOL-SEM-FUNDO.png\"><img loading=\"lazy\" decoding=\"async\" width=\"1013\" height=\"1024\" src=\"https:\/\/www.egirassol.com.br\/home\/wp-content\/uploads\/2026\/04\/GIRASSOL-SEM-FUNDO-1013x1024.png\" alt=\"\" class=\"wp-image-35204\" style=\"aspect-ratio:0.9892718473400438;width:80px;height:auto\" srcset=\"https:\/\/www.egirassol.com.br\/home\/wp-content\/uploads\/2026\/04\/GIRASSOL-SEM-FUNDO-1013x1024.png 1013w, https:\/\/www.egirassol.com.br\/home\/wp-content\/uploads\/2026\/04\/GIRASSOL-SEM-FUNDO-297x300.png 297w, https:\/\/www.egirassol.com.br\/home\/wp-content\/uploads\/2026\/04\/GIRASSOL-SEM-FUNDO-768x776.png 768w, https:\/\/www.egirassol.com.br\/home\/wp-content\/uploads\/2026\/04\/GIRASSOL-SEM-FUNDO-1519x1536.png 1519w, https:\/\/www.egirassol.com.br\/home\/wp-content\/uploads\/2026\/04\/GIRASSOL-SEM-FUNDO.png 1559w\" sizes=\"auto, (max-width: 1013px) 100vw, 1013px\" \/><\/a><\/figure>\n<\/div>\n\n\n<h3 class=\"wp-block-heading has-text-align-center has-vivid-cyan-blue-color has-text-color has-link-color wp-elements-d7faee4ad9dbdfe77f89a1a878d683ab\"><strong>VALORES EDUCACIONAIS<\/strong><\/h3>\n\n\n\n<p class=\"has-vivid-red-color has-text-color has-link-color wp-elements-86bb78a18f1d2e228da2c2a69c0714ed\"><strong>QUALIDADE<\/strong><\/p>\n\n\n\n<p>Busca cont\u00ednua pela excel\u00eancia no ensino.<\/p>\n\n\n\n<p class=\"has-vivid-red-color has-text-color has-link-color wp-elements-2b0d2137ba12e1569d26abc3099ac7e4\"><strong>DISCIPLINA<\/strong><\/p>\n\n\n\n<p>Como forma de contribuir para o desenvolvimento da organiza\u00e7\u00e3o intelectual do pensamento e comportamento humano.<\/p>\n\n\n\n<p class=\"has-vivid-red-color has-text-color has-link-color wp-elements-3610d00ddcb8725fe94e650e05263391\"><strong>\u00c9TICA<\/strong><\/p>\n\n\n\n<p>Como exerc\u00edcio consciente de direitos e deveres no comportamento pessoal e coletivo, respeitando os ideais de conviv\u00eancia democr\u00e1tica.<\/p>\n\n\n\n<p class=\"has-vivid-red-color has-text-color has-link-color wp-elements-8ace4af3894b533015f25a65b9e090d0\"><strong>RESPONSABILIDADE<\/strong><\/p>\n\n\n\n<p>Consci\u00eancia na realiza\u00e7\u00e3o correta do dever.<\/p>\n\n\n\n<p class=\"has-vivid-red-color has-text-color has-link-color wp-elements-a631d0ce539a2e70295ccfcdd453dc29\"><strong>RELIGI\u00c3O<\/strong><\/p>\n\n\n\n<p>Baseada na exist\u00eancia de um Deus Soberano e no respeito ao livre arb\u00edtrio do homem para assumir ou vivenciar sua f\u00e9.<\/p>\n\n\n\n<p class=\"has-vivid-red-color has-text-color has-link-color wp-elements-7dcccb9796806c968e331954a9644b55\"><strong>PARTICIPA\u00c7\u00c3O DA FAM\u00cdLIA<\/strong><\/p>\n\n\n\n<p>Como agente do processo educacional, com papel decisivo no equil\u00edbrio emocional, social e acad\u00eamico do aluno.<\/p>\n\n\n\n<p class=\"has-vivid-red-color has-text-color has-link-color wp-elements-fde0120ac7daeec45f2332b127be1850\"><strong>COMPROMETIMENTO SOCIAL<\/strong><\/p>\n\n\n\n<p>Mediante a viv\u00eancia de pr\u00e1ticas comunit\u00e1rias que estimulem a sensibilidade e a valoriza\u00e7\u00e3o da vida.<\/p>\n\n\n\n<p class=\"has-vivid-red-color has-text-color has-link-color wp-elements-2ce1b9f0cde25cd4ac69612bb59f32e0\"><strong>INOVA\u00c7\u00c3O<\/strong><\/p>\n\n\n\n<p>Incentivo \u00e0 criatividade no ato de ensinar e aprender.<\/p>\n","protected":false},"excerpt":{"rendered":"<p>VIS\u00c3O Ser uma institui\u00e7\u00e3o reconhecida como refer\u00eancia por formar cidad\u00e3os de s\u00f3lida base acad\u00eamica, com vistas ao sucesso universit\u00e1rio, somada, indissociavelmente, \u00e0 atitude human\u00edstica,&#8230; &nbsp; <a href=\"https:\/\/www.egirassol.com.br\/home\/quem-somos-2\/\" class=\"moretag\">Continue lendo<\/a><\/p>\n","protected":false},"author":1,"featured_media":0,"parent":0,"menu_order":0,"comment_status":"closed","ping_status":"closed","template":"","meta":{"footnotes":""},"class_list":["post-35202","page","type-page","status-publish","hentry"],"_links":{"self":[{"href":"https:\/\/www.egirassol.com.br\/home\/wp-json\/wp\/v2\/pages\/35202","targetHints":{"allow":["GET"]}}],"collection":[{"href":"https:\/\/www.egirassol.com.br\/home\/wp-json\/wp\/v2\/pages"}],"about":[{"href":"https:\/\/www.egirassol.com.br\/home\/wp-json\/wp\/v2\/types\/page"}],"author":[{"embeddable":true,"href":"https:\/\/www.egirassol.com.br\/home\/wp-json\/wp\/v2\/users\/1"}],"replies":[{"embeddable":true,"href":"https:\/\/www.egirassol.com.br\/home\/wp-json\/wp\/v2\/comments?post=35202"}],"version-history":[{"count":2,"href":"https:\/\/www.egirassol.com.br\/home\/wp-json\/wp\/v2\/pages\/35202\/revisions"}],"predecessor-version":[{"id":35208,"href":"https:\/\/www.egirassol.com.br\/home\/wp-json\/wp\/v2\/pages\/35202\/revisions\/35208"}],"wp:attachment":[{"href":"https:\/\/www.egirassol.com.br\/home\/wp-json\/wp\/v2\/media?parent=35202"}],"curies":[{"name":"wp","href":"https:\/\/api.w.org\/{rel}","templated":true}]}}